 is the tens digit of o?
2
Let r = -10 + 18. Suppose -r = -3*i + 4. Suppose 0 = -5*q - i + 34. What is the units digit of q?
6
Let f be (-1 + 1)/((-4)/2). Suppose f*p = -2*p + 6. Suppose 40 = p*g + 2*g. What is the units digit of g?
8
Let u(g) = -g**2 + 3*g + 9. Let l(x) = 2*x**2 - 7*x - 18. Let z(s) = 4*l(s) + 9*u(s). What is the units digit of z(0)?
9
Suppose -3*i - 5*u + 299 = 0, 4*u = i + 2*u - 85. What is the units digit of i?
3
What is the units digit of ((-714)/28)/(3/(-4))?
4
Let x be (-58)/18 + (-2)/(-9). Let j(f) = 4*f**3 - 3*f**2 - 4*f + 1. Let r(w) = -w**3 + w**2. Let n(z) = -j(z) - 3*r(z). What is the tens digit of n(x)?
1
Let b = 26 + -15. Let y = b - -1. What is the units digit of y?
2
Let o(s) = -4*s**3 + 10*s**2 + 3*s + 9. Let i(p) = p**3 - p. Let t be ((-3)/(-6))/(1/2). Let l(f) = t*o(f) + 3*i(f). What is the units digit of l(10)?
9
Let w(i) = 7*i**2 - 23*i - 21. Let v(x) = 4*x**2 - 12*x - 11. Let s(z) = -5*v(z) + 3*w(z). What is the units digit of s(11)?
4
Let i = 6 + -4. Let o be (1/i)/((-2)/8). What is the units digit of 2*(o + 1)*-4?
8
Let k be 8/(-6) - 6/9. Let y be (8/(-12))/(k/(-3)). Let v(r) = -7*r. What is the units digit of v(y)?
7
Suppose 0 = -2*g - 3*g - 40. Let r = 8 + g. Let x = 1 - r. What is the units digit of x?
1
Let y be ((-4)/5)/(4/(-10)). Suppose h + 8 = y*h. What is the units digit of h/(-10)*(-8 + -2)?
8
Let q(u) = u. Let f be q(-1). What is the tens digit of (3 + -24 + f)*-1?
2
Let y = -9 + 2. Let u(z) = 2*z. Let g(t) = -1. Let j(f) = 10*g(f) - u(f). What is the units digit of j(y)?
4
Suppose -5*f + 4 = 14, -3*o - 3*f = -6. Suppose 100 = 2*a - 2. Suppose -o*v + a = -v. What is the units digit of v?
7
Let i(y) = -3*y - 15. Let s be i(-10). Suppose 3*w + 2*c - s = -c, -4*w - 5*c + 20 = 0. What is the units digit of w?
5
Suppose c + 2 = -5*p + 7, -4*c = -4*p + 28. What is the units digit of -3 + 0 - (-46)/p?
0
Let h = 30 + -9. What is the tens digit of h?
2
Let z = 18 + 4. Suppose -f - 4*x = -z, -3*f - x = -0*f - 55. What is the tens digit of f?
1
Let i(x) = x - 4. Let y be i(6). Let k(b) = 13*b**2 - b + 1. What is the units digit of k(y)?
1
Let u(m) = -m**3 + 9*m**2 - 8*m - 6. Let r be u(8). Let o(f) = -f**3 - 5*f**2 + 6*f - 2. Let x be o(r). What is the units digit of (0 - x) + -3 + 3?
2
Suppose 21 = -2*m + 3*w + 64, 0 = -5*m - 2*w + 98. What is the units digit of m?
0
Let j(t) = 7*t - 2. What is the units digit of j(6)?
0
Let t = -11 + 7. What is the units digit of ((-2)/(-3))/(t/(-114))?
9
Let t(s) be the third derivative of -s**4/24 + 7*s**3/6 + s**2. Let p be t(9). What is the units digit of ((-1)/p)/(-1)*-2?
1
Suppose -4*i + 13 = 5*w - 3, 4*i - 3*w = 16. What is the units digit of i?
4
Suppose 5*j - 3*l - l = 190, -5*j - 5*l + 145 = 0. What is the units digit of j?
4
Let a = -3 - 3. Let t be (-2)/a - (-2)/3. Let m = t - -3. What is the units digit of m?
4
What is the tens digit of 1647/45 + 4/10?
3
Let n(r) = -r**3 - 2*r**2 - 2*r + 2. Let o be n(-2). Let t(s) = 4*s - 8. What is the units digit of t(o)?
6
Let b(o) = -30*o - 10. What is the units digit of b(-3)?
0
Let s(c) be the third derivative of -7*c**4/12 - c**3/6 - c**2. Let r = 28 + -29. What is the tens digit of s(r)?
1
Suppose -s - 2 = -2*s. Suppose -j = -s*j. Suppose 4*i - 36 - 4 = j. What is the units digit of i?
0
Let l(v) = v**3 + 5*v**2 + 5*v + 5. Let y be -7*1 + 9/3. What is the units digit of l(y)?
1
Let m(c) be the first derivative of -2 - 3*c - 3*c + 3 + c**2. What is the tens digit of m(8)?
1
Suppose 2186 = 10*l + 816. What is the tens digit of l?
3
What is the tens digit of (-1 - 14/(-18)) + 10248/189?
5
Let m be ((-1)/(-3))/((-2)/(-30)). Let f = -51 - -107. Suppose 3*h = -h + 3*q + 31, -m*h - 2*q = -f. What is the units digit of h?
0
Let z = -34 + 148. What is the units digit of z?
4
Suppose -26 - 21 = -k. Suppose -5*l - s = -81, 3*l - s - k = -0*l. What is the tens digit of l?
1
Let h be (13 - 2/(-1)) + 0. Let o = h + -10. Suppose 4*i = o*m - 16, -7*m + 19 = -3*m + 3*i. What is the units digit of m?
4
Let i(z) = 4*z**2 + 14*z + 48. What is the hundreds digit of i(-6)?
1
Let x be 14/3 - 10/(-30). Let m = 1 - 2. Let l = m + x. What is the units digit of l?
4
Suppose 24 + 31 = 5*h. Let c(v) = v. What is the tens digit of c(h)?
1
Suppose s = 4*s + 12. Suppose 4*b + 5*d = 8*b + 45, -2*b - 19 = d. Let t = s - b. What is the units digit of t?
6
Suppose 3 = -4*u + 15. What is the units digit of 6/9 - (-52)/u?
8
Let r(b) = b**2 + 3*b - 10. Let m be r(-5). Suppose m = 4*y + 4, -3*n = y - 8 - 15. What is the units digit of n?
8
Let j = 9 - 0. What is the units digit of j?
9
Suppose 3*x = -2*x + 10. Suppose 2*v + 5*u - 20 = -6, 14 = x*v + 4*u. What is the units digit of v?
7
Let k = -70 + 74. What is the units digit of k?
4
Suppose 0*j + 77 = 4*j + s, -4*j + 5*s + 95 = 0. What is the tens digit of j?
2
Suppose -d + 38 = 3*p - 0*d, 76 = 4*p - 5*d. Suppose -2 = -l + p. What is the units digit of l?
6
Suppose 4*a - 2*y + 7*y = 871, -3*a + 3*y = -660. What is the hundreds digit of a?
2
Suppose -s + 3*f = 35, 3*f = -2*s + 4*f - 55. Let n(w) = -w**2 - 13*w - 2. Let k be n(-8). Let t = s + k. What is the tens digit of t?
1
Let m(o) = 2*o**3 - 9*o**2 + 6*o - 12. What is the hundreds digit of m(6)?
1
Suppose 3*p - 206 - 418 = 0. What is the units digit of p?
8
Suppose 4*r - 20 = 0, 13 = -4*m + m - r. Let d = -4 - m. What is the units digit of d?
2
Suppose -4*a + 51 - 3 = 0. Suppose 3*r - 2*r = a. What is the units digit of r?
2
Let x(y) = 4*y - 9. Let q be x(8). Let v = -6 + q. What is the tens digit of v?
1
Let w(r) = r**3 - 7*r**2 + r + 8. Let b be w(7). Suppose z + 3*g - 8 = 0, 0*z - z + 4*g = -b. What is the tens digit of z?
1
Let k = 277 + -139. What is the hundreds digit of k?
1
Let y(i) = -i + 7. Let t be 1 - 1 - (-3 + -4). Let c be y(t). Suppose 6*m - 3*m - 57 = c. What is the tens digit of m?
1
Let h = 39 - -11. Let g = h - 15. What is the units digit of g?
5
Suppose 5*v = -0*v - l - 20, 2*v - 3*l + 25 = 0. Let h = 9 + v. Suppose -5*z + 38 = -k + 3*k, -5*z + h*k = -14. What is the units digit of z?
6
Suppose 10 + 10 = 4*b. What is the units digit of b?
5
Let l = -148 - -251. What is the tens digit of l?
0
Suppose 3*u = -u - 3*t + 60, -2*u = -t - 30. What is the tens digit of u?
1
Suppose x = -1, -46 = -4*t + t - 2*x. What is the tens digit of t?
1
Let d(i) = -i**3 + 7*i**2 - 5*i + 2. Let l be d(6). Suppose l - 79 = -4*v - 3*u, -2*u - 66 = -4*v. Let s = -10 + v. What is the units digit of s?
7
What is the units digit of 4 - (183 + 1)/(-4)?
0
What is the tens digit of (-218)/(-2)*(-4)/((-12)/9)?
2
Let g(d) = 38*d - 20. What is the units digit of g(6)?
8
Suppose -5*s + 40 + 110 = 0. Suppose k = 3*b - 25, -b + s = b - 4*k. What is the units digit of b?
7
Let y(x) be the second derivative of x**5/20 - 3*x**4/4 + 3*x**3/2 + x**2 - x. What is the tens digit of y(8)?
1
Suppose -5*c = 3 - 18. Let a be (228/8)/(c/4). Let v = a - 23. What is the units digit of v?
5
Let x(a) = -a**3 + 7*a**2 - 4*a - 8. Let u(f) = f**3 + 4*f**2 - 3. Let q be u(-3). Let p be (q/7)/(2/14). What is the units digit of x(p)?
4
What is the units digit of 2436/18 - 2/(-3)?
6
Suppose -s - 14 = 5*l, -l = -0*l + 3. What is the units digit of 20*(0 + s + 0)?
0
Let h = -16 + 26. Suppose 3*s + 6 + 3 = f, 4*s - 3*f + 17 = 0. Let p = s + h. What is the units digit of p?
8
Let d be (-1 - -3)*(0 - -2). Suppose -46 = -3*l + u, -d*l = 5*u - 104 + 30. What is the units digit of l?
6
Let d(p) = p**3 - 8*p**2 + 5*p - 2. Let c be d(7). Let r = 21 - c. What is the units digit of r?
7
Let r(n) = -102*n**3 + 3*n**2 + n - 1. What is the tens digit of r(-1)?
0
Let o(t) = t**3 - 9*t**2 + t - 7. Let l be o(9). Let k(d) = -4*d - l - 3*d + 0. What is the tens digit of k(-2)?
1
Let i(v) = v**2 - 2*v - 1. Suppose -2*c + k - 4*k = -16, c - 3 = k. Let o be i(c). Suppose 4*n + 5*s = o, -2*n + 5*s - 9 = -n. What is the units digit of n?
1
Suppose -4*u + 2*z + 3*z = -26, -3*u = 5*z - 37. Suppose 0 = -5*n + 11 + u. Let j = 3 + n. What is the units digit of j?
7
Let p(r) = 9 - 2*r + 3*r - 3. What is the tens digit of p(6)?
1
Let f = -3 + 13. Let s(i) = -i**2 + 13*i + 4. What is the units digit of s(f)?
4
Let k(x) = -x**3 - 3*x**2 - 3*x. Let y be k(-2). Suppose 2*d + y*n - 92 = -0*d, 0 = 2*d + 4*n - 88. Wh